{"id":388,"date":"2022-10-20T09:37:47","date_gmt":"2022-10-20T09:37:47","guid":{"rendered":"https:\/\/wandorab.com\/?page_id=388"},"modified":"2025-06-23T18:20:09","modified_gmt":"2025-06-23T18:20:09","slug":"welcome-our-dear-visitors","status":"publish","type":"page","link":"https:\/\/wandorab.com\/?page_id=388","title":{"rendered":"V\u00e4lkomna"},"content":{"rendered":"\t\t<div data-elementor-type=\"wp-page\" data-elementor-id=\"388\" class=\"elementor elementor-388\">\n\t\t\t\t\t\t<section class=\"elementor-section elementor-top-section elementor-element elementor-element-98d6274 elementor-section-boxed elementor-section-height-default elementor-section-height-default\" data-id=\"98d6274\" data-element_type=\"section\" data-e-type=\"section\" data-settings=\"{&quot;background_background&quot;:&quot;gradient&quot;}\">\n\t\t\t\t\t\t<div class=\"elementor-container elementor-column-gap-default\">\n\t\t\t\t\t<div class=\"elementor-column elementor-col-100 elementor-top-column elementor-element elementor-element-16a3f623\" data-id=\"16a3f623\" data-element_type=\"column\" data-e-type=\"column\" data-settings=\"{&quot;background_background&quot;:&quot;gradient&quot;}\">\n\t\t\t<div class=\"elementor-widget-wrap elementor-element-populated\">\n\t\t\t\t\t\t<div class=\"elementor-element elementor-element-26c88455 elementor-widget elementor-widget-text-editor\" data-id=\"26c88455\" data-element_type=\"widget\" data-e-type=\"widget\" data-widget_type=\"text-editor.default\">\n\t\t\t\t<div class=\"elementor-widget-container\">\n\t\t\t\t\t\t\t\t\t<p><span style=\"color: #ffffff;\"><\/span><\/p>\n<p style=\"text-align: left;\"><span style=\"color: #ffffff;\"><\/span><\/p>\n<p>Denna webbplats \u00e4r utformad f\u00f6r att introducera f\u00f6retaget och l\u00e4ra k\u00e4nna v\u00e5ra v\u00e4rderingar och principer p\u00e5 jobbet, vilket \u00e5terspeglar den stolthet vi k\u00e4nner inf\u00f6r v\u00e5r verksamhet och v\u00e5ra prestationer, samt f\u00f6retagets kontinuerliga tillv\u00e4xt och utveckling, ut\u00f6ver v\u00e5r k\u00e4nsla av mission och vision som vi tror p\u00e5.<\/p>\n<p>Genom v\u00e5ra tj\u00e4nster kommer du att uppt\u00e4cka v\u00e5rt starka engagemang f\u00f6r det samh\u00e4lle vi lever och arbetar i, s\u00e5v\u00e4l som v\u00e5ra anst\u00e4lldas och aktie\u00e4gares engagemang f\u00f6r v\u00e5rt f\u00f6retag, och detta \u00e4r en integrerad del av v\u00e5r f\u00f6retagskultur.<\/p>\n<p>V\u00e5rt f\u00f6retags framg\u00e5ng kr\u00e4ver konsekvens i arbetet och st\u00e5ndaktighet i v\u00e5ra principer f\u00f6r att uppn\u00e5 v\u00e5ra \u00e5taganden genom integrerade initiativ, vilket f\u00f6r oss fram\u00e5t samtidigt p\u00e5 flera fronter f\u00f6r att uppn\u00e5 v\u00e5r fulla effekt.<\/p>\n<p>Bli en av v\u00e5ra kunder<\/p>\n<p>Vi str\u00e4var alltid efter att erbjuda de b\u00e4sta kommersiella erbjudandena f\u00f6r att m\u00f6ta dina behov och \u00f6nskem\u00e5l.<\/p>\n<p><span style=\"color: #ffffff;\"><\/span><\/p>\t\t\t\t\t\t\t\t<\/div>\n\t\t\t\t<\/div>\n\t\t\t\t\t<\/div>\n\t\t<\/div>\n\t\t\t\t\t<\/div>\n\t\t<\/section>\n\t\t\t\t<section class=\"elementor-section elementor-top-section elementor-element elementor-element-b4b55e6 elementor-section-boxed elementor-section-height-default elementor-section-height-default\" data-id=\"b4b55e6\" data-element_type=\"section\" data-e-type=\"section\">\n\t\t\t\t\t\t<div class=\"elementor-container elementor-column-gap-default\">\n\t\t\t\t\t<div class=\"elementor-column elementor-col-100 elementor-top-column elementor-element elementor-element-34b989a\" data-id=\"34b989a\" data-element_type=\"column\" data-e-type=\"column\">\n\t\t\t<div class=\"elementor-widget-wrap\">\n\t\t\t\t\t\t\t<\/div>\n\t\t<\/div>\n\t\t\t\t\t<\/div>\n\t\t<\/section>\n\t\t\t\t<section class=\"elementor-section elementor-top-section elementor-element elementor-element-8aa7c7a elementor-section-boxed elementor-section-height-default elementor-section-height-default\" data-id=\"8aa7c7a\" data-element_type=\"section\" data-e-type=\"section\">\n\t\t\t\t\t\t<div class=\"elementor-container elementor-column-gap-default\">\n\t\t\t\t\t<div class=\"elementor-column elementor-col-100 elementor-top-column elementor-element elementor-element-448a61a\" data-id=\"448a61a\" data-element_type=\"column\" data-e-type=\"column\">\n\t\t\t<div class=\"elementor-widget-wrap elementor-element-populated\">\n\t\t\t\t\t\t<div class=\"elementor-element elementor-element-5bc65f1 elementor-widget-divider--view-line_text elementor-widget-divider--separator-type-pattern elementor-widget-divider--element-align-center elementor-widget elementor-widget-divider\" data-id=\"5bc65f1\" data-element_type=\"widget\" data-e-type=\"widget\" data-widget_type=\"divider.default\">\n\t\t\t\t<div class=\"elementor-widget-container\">\n\t\t\t\t\t\t\t<div class=\"elementor-divider\" style=\"--divider-pattern-url: url(&quot;data:image\/svg+xml,%3Csvg xmlns=&#039;http:\/\/www.w3.org\/2000\/svg&#039; preserveAspectRatio=&#039;none&#039; overflow=&#039;visible&#039; height=&#039;100%&#039; viewBox=&#039;0 0 20 16&#039; fill=&#039;none&#039; stroke=&#039;black&#039; stroke-width=&#039;10&#039; stroke-linecap=&#039;square&#039; stroke-miterlimit=&#039;10&#039;%3E%3Cg transform=&#039;translate(-12.000000, 0)&#039;%3E%3Cpath d=&#039;M28,0L10,18&#039;\/%3E%3Cpath d=&#039;M18,0L0,18&#039;\/%3E%3Cpath d=&#039;M48,0L30,18&#039;\/%3E%3Cpath d=&#039;M38,0L20,18&#039;\/%3E%3C\/g%3E%3C\/svg%3E&quot;);\">\n\t\t\t<span class=\"elementor-divider-separator\">\n\t\t\t\t\t\t\t<span class=\"elementor-divider__text elementor-divider__element\">\n\t\t\t\tWANDOR AB\t\t\t\t<\/span>\n\t\t\t\t\t\t<\/span>\n\t\t<\/div>\n\t\t\t\t\t\t<\/div>\n\t\t\t\t<\/div>\n\t\t\t\t\t<\/div>\n\t\t<\/div>\n\t\t\t\t\t<\/div>\n\t\t<\/section>\n\t\t\t\t<section class=\"elementor-section elementor-top-section elementor-element elementor-element-2e09d1f elementor-section-boxed elementor-section-height-default elementor-section-height-default\" data-id=\"2e09d1f\" data-element_type=\"section\" data-e-type=\"section\" data-settings=\"{&quot;background_background&quot;:&quot;gradient&quot;}\">\n\t\t\t\t\t\t<div class=\"elementor-container elementor-column-gap-default\">\n\t\t\t\t\t<div class=\"elementor-column elementor-col-100 elementor-top-column elementor-element elementor-element-b20411f\" data-id=\"b20411f\" data-element_type=\"column\" data-e-type=\"column\">\n\t\t\t<div class=\"elementor-widget-wrap elementor-element-populated\">\n\t\t\t\t\t\t<div class=\"elementor-element elementor-element-b6b3835 elementor-widget elementor-widget-spacer\" data-id=\"b6b3835\" data-element_type=\"widget\" data-e-type=\"widget\" data-widget_type=\"spacer.default\">\n\t\t\t\t<div class=\"elementor-widget-container\">\n\t\t\t\t\t\t\t<div class=\"elementor-spacer\">\n\t\t\t<div class=\"elementor-spacer-inner\"><\/div>\n\t\t<\/div>\n\t\t\t\t\t\t<\/div>\n\t\t\t\t<\/div>\n\t\t\t\t\t<\/div>\n\t\t<\/div>\n\t\t\t\t\t<\/div>\n\t\t<\/section>\n\t\t\t\t<\/div>\n\t\t","protected":false},"excerpt":{"rendered":"<p>Denna webbplats \u00e4r utformad f\u00f6r att introducera f\u00f6retaget och l\u00e4ra k\u00e4nna v\u00e5ra v\u00e4rderingar och principer p\u00e5 jobbet, vilket \u00e5terspeglar den stolthet vi k\u00e4nner inf\u00f6r v\u00e5r verksamhet och v\u00e5ra prestationer, samt f\u00f6retagets kontinuerliga tillv\u00e4xt och utveckling, ut\u00f6ver v\u00e5r k\u00e4nsla av mission och vision som vi tror p\u00e5. Genom v\u00e5ra tj\u00e4nster kommer du att uppt\u00e4cka v\u00e5rt starka [&hellip;]<\/p>\n","protected":false},"author":3,"featured_media":0,"parent":0,"menu_order":0,"comment_status":"closed","ping_status":"closed","template":"","meta":{"om_disable_all_campaigns":false,"_uag_custom_page_level_css":"","_monsterinsights_skip_tracking":false,"_monsterinsights_sitenote_active":false,"_monsterinsights_sitenote_note":"","_monsterinsights_sitenote_category":0,"footnotes":""},"class_list":["post-388","page","type-page","status-publish","hentry"],"blocksy_meta":{"styles_descriptor":{"styles":{"desktop":"","tablet":"","mobile":""},"google_fonts":[],"version":6}},"aioseo_notices":[],"uagb_featured_image_src":{"full":false,"thumbnail":false,"medium":false,"medium_large":false,"large":false,"1536x1536":false,"2048x2048":false},"uagb_author_info":{"display_name":"khaled","author_link":"https:\/\/wandorab.com\/?author=3"},"uagb_comment_info":0,"uagb_excerpt":"Denna webbplats \u00e4r utformad f\u00f6r att introducera f\u00f6retaget och l\u00e4ra k\u00e4nna v\u00e5ra v\u00e4rderingar och principer p\u00e5 jobbet, vilket \u00e5terspeglar den stolthet vi k\u00e4nner inf\u00f6r v\u00e5r verksamhet och v\u00e5ra prestationer, samt f\u00f6retagets kontinuerliga tillv\u00e4xt och utveckling, ut\u00f6ver v\u00e5r k\u00e4nsla av mission och vision som vi tror p\u00e5. Genom v\u00e5ra tj\u00e4nster kommer du att uppt\u00e4cka v\u00e5rt starka&hellip;","_links":{"self":[{"href":"https:\/\/wandorab.com\/index.php?rest_route=\/wp\/v2\/pages\/388","targetHints":{"allow":["GET"]}}],"collection":[{"href":"https:\/\/wandorab.com\/index.php?rest_route=\/wp\/v2\/pages"}],"about":[{"href":"https:\/\/wandorab.com\/index.php?rest_route=\/wp\/v2\/types\/page"}],"author":[{"embeddable":true,"href":"https:\/\/wandorab.com\/index.php?rest_route=\/wp\/v2\/users\/3"}],"replies":[{"embeddable":true,"href":"https:\/\/wandorab.com\/index.php?rest_route=%2Fwp%2Fv2%2Fcomments&post=388"}],"version-history":[{"count":33,"href":"https:\/\/wandorab.com\/index.php?rest_route=\/wp\/v2\/pages\/388\/revisions"}],"predecessor-version":[{"id":1387,"href":"https:\/\/wandorab.com\/index.php?rest_route=\/wp\/v2\/pages\/388\/revisions\/1387"}],"wp:attachment":[{"href":"https:\/\/wandorab.com\/index.php?rest_route=%2Fwp%2Fv2%2Fmedia&parent=388"}],"curies":[{"name":"wp","href":"https:\/\/api.w.org\/{rel}","templated":true}]}}